, 73
Let s = -451 + 415. Let b = s - -740. List the prime factors of b.
2, 11
Let u(s) = 4*s**3 - 3*s**2 + 3*s - 1. Let k be u(1). Suppose -3*g + 2*x = 4*x - 2967, -k*g + 2970 = 3*x. List the prime factors of g.
3, 7, 47
Let d = -60 - -62. Suppose 16 = r + d*c, -4*r = -3*c - 0 - 9. What are the prime factors of r?
2, 3
Let q(w) = 2*w + 30. Let v be q(-10). Suppose v*l = -41*l + 3417. List the prime factors of l.
67
Suppose 0 = -2*z - d + 2676, -5*d = 13*z - z - 16054. List the prime factors of z.
7, 191
Suppose -5*q - 2*x + 8589 = 0, -4*q + 2*x + 3837 = -3027. What are the prime factors of q?
17, 101
Let d be 0 + 3/(-2) + 3/2. Suppose -473 = -4*k - d*k + 3*c, 118 = k - c. Suppose -2 + 7 = z, 3*y = 2*z + k. What are the prime factors of y?
43
Suppose 2*v - 46828 - 188030 = -4*g, -2*g + v = -117411. What are the prime factors of g?
2, 3, 5, 19, 103
Let i = 66 - -14. Let a = -189 + 146. Let w = a + i. What are the prime factors of w?
37
Let m = 5072 + 5420. List the prime factors of m.
2, 43, 61
Let k(r) = -7*r + 8. Let n(x) = -8*x + 8. Let o(c) = -7*k(c) + 6*n(c). Let j be o(16). List the prime factors of ((-18)/j)/((-1)/24).
2, 3
Let z(i) be the first derivative of 17*i**2/2 - 165*i + 91. List the prime factors of z(18).
3, 47
Let c(q) = 32*q - 28. Let u be c(1). Suppose s - g = 6, -5*g - 28 + 3 = -u*s. List the prime factors of s.
5
Let p(c) = -7488*c - 344. What are the prime factors of p(-3)?
2, 5, 7, 79
Let p(g) = -41*g**2 + 21 + 20*g + 83*g**2 - 41*g**2. List the prime factors of p(16).
3, 199
Suppose 2*n + 6 = -0*n, 27 = 2*i - n. Suppose 0 = 4*x + i, -2*x + 99 = -2*g - g. Let z = -20 - g. What are the prime factors of z?
3, 5
Suppose 2 = d - 2*d, -3*b = 2*d - 5. Let g(x) = x**3 - 11*x**2 - x + 13. Let r be g(11). Suppose b*c = -r*c + 845. List the prime factors of c.
13
List the prime factors of 2 + (-56646)/(-8) + (33/4)/33.
3, 787
Let o = 618 - 592. Suppose -o*u + 5902 = -0*u. List the prime factors of u.
227
List the prime factors of 39965/(75/15) + 1 + 1 + 3.
2, 3, 31, 43
Suppose -4*v - 1554 = -2*c, c = -3*v + 445 + 307. What are the prime factors of (-28 + c)/((-1)/(-1))?
739
Suppose 99*n = 174*n - 99*n + 177960. List the prime factors of n.
5, 1483
List the prime factors of (42980 + (-144)/(-9))/1.
2, 3, 3583
Let c be (-1 - 7/(-35))*(-7 + 2). Suppose -3*h - 2741 = -2*s - 623, 0 = c*h + 16. List the prime factors of s.
3, 13
Suppose 0 = 35*z - 30*z + 310. Let r = z + 59. What are the prime factors of (r - -4 - -13) + 3?
17
Let u(j) be the second derivative of -j**5/20 + j**4/2 + j**3 - 7*j**2/2 - 22*j. Let q be (-6)/(-4)*20/6. What are the prime factors of u(q)?
2, 3
Suppose 600 = 11*b - 7*b. Let z be (48/8 - b) + (-1 - 3). List the prime factors of ((-104)/3)/(z/36 + 4).
2, 3, 13
Let b(c) = c**3 - c**2 + 2*c - 4. Let v(j) = j**3 + j - 6. Let d(s) = 7*b(s) - 6*v(s). List the prime factors of d(9).
2, 11
Let a be 4 - (4 - 12/(3 + 1)). Suppose 0 = -3*u + 6*u - 180. Suppose a*g = 6*g - u. List the prime factors of g.
2, 5
Let s(a) = a**2 + 10*a - 22. Let g be s(-12). Suppose 0*h + 3*b - 379 = -h, -g*b = 2*h - 766. What are the prime factors of h?
5, 7, 11
Suppose -4*c = -5*m + 60, 0 = c + c + 10. Suppose -4*g + m = 0, 3*b - 5*g + 4*g = 1. What are the prime factors of 154 + 1*(b - 3)?
2, 19
Suppose 0 = 4*m - 12, 4*f + 0*m - 20976 = -4*m. List the prime factors of f.
3, 1747
Let r be 2/(-52)*-4 + (-25663200)/(-481). Suppose r = 56*l + 2170. List the prime factors of l.
2, 457
Let q(b) = b**3 + 19*b**2 - 31*b - 35. Let j be q(-20). List the prime factors of (-1964)/(-10) + (-74)/j.
2, 7
Suppose -2*v = 13*v - 817995. List the prime factors of v.
23, 2371
Let d be (14/21*-1)/(2/(-6)). Suppose 491 + 1 = d*h. What are the prime factors of h?
2, 3, 41
Let t = 162 - 165. List the prime factors of ((-10)/(-20))/(2*t/(-552)).
2, 23
Suppose 2*y - 4*m - m = 77, -2*y + 4*m + 76 = 0. Let s = 36 - y. Suppose 6*t - 2*t - 200 = s. What are the prime factors of t?
2, 5
Suppose 12*l - 39*l + 52974 = 0. Suppose 260*a - 263*a = -l. What are the prime factors of a?
2, 3, 109
Let r be -6 + 0 + (-8)/4. Let s(c) = 2*c + 24. Let x be s(r). Suppose 0 = -3*d + x*d - 110. List the prime factors of d.
2, 11
Let g(y) = 2*y**2 - 4*y - 13. Suppose 4*q = 5*q - 7. Suppose d - 16 = -2*j, -2*d + j + q = -0*d. What are the prime factors of g(d)?
5, 7
Let o = 364 + -44. Suppose o = 2*y - 2*r, 4*y + 476 = 7*y - r. List the prime factors of y.
2, 79
Let b(l) = 140*l + 372. List the prime factors of b(0).
2, 3, 31
Let u(y) be the first derivative of 41*y**2/2 - 97*y - 193. What are the prime factors of u(15)?
2, 7, 37
Suppose 767*d - 785*d = -289494. List the prime factors of d.
3, 1787
Suppose -k - k + 3558 = -19896. What are the prime factors of k?
3, 1303
List the prime factors of -3294*(-6 - 15 - -16).
2, 3, 5, 61
Suppose -3*i - 18 - 114 = f, 672 = -5*f - 3*i. Let q = 1565 + f. List the prime factors of q.
2, 5, 11, 13
Let w = 216 - 211. Suppose -4*z = 3*u + w - 292, -5*z = -u - 335. What are the prime factors of z?
2, 17
Let n(f) = -f**2 + 13*f + 19. Let o be n(14). Suppose 7*l + o*l = 1428. Suppose -851 = -5*k + l. List the prime factors of k.
2, 97
Suppose 0 = 38*o - 18*o - 460. Suppose o*p - 22692 = 5506. List the prime factors of p.
2, 613
What are the prime factors of ((2091810/63)/35)/((-2)/(-21))?
7, 1423
Suppose -2*o = -p + 709, 6*o - 5*o = -4*p - 359. Let r = o + 389. What are the prime factors of r?
2, 17
Let n be 6 - (-17)/(-3) - 16/(-6). Suppose -4*j + n*x = -1444, -5*j + 2*j - 2*x + 1100 = 0. What are the prime factors of j?
2, 7, 13
Suppose 4*j - 6*j - 5*r + 20532 = 0, 4*r = -8. List the prime factors of j.
10271
Let n = -57 - -66. Let h = 48 - n. List the prime factors of h.
3, 13
Let g(l) = -l**3 + l**2 + 21*l + 6. Let h be g(-5). Let f = h - 39. List the prime factors of f.
2, 3
Let r be (-20700)/(-195) - 6/39. Let s = 141 - r. List the prime factors of s.
5, 7
Let x(h) = 17 + 14 - 14 + 38 + 2 + 114*h. What are the prime factors of x(3)?
3, 7, 19
Let z(x) = x**3 + 6*x**2 - 30*x - 2. Let i be z(-10). List the prime factors of i/4*(3 - 5) - -3.
2, 3
Let i = 22 - -35. Let b(z) = -z**3 - 10*z**2 + 12*z + 13. Let f be b(-11). Suppose 77 = f*x - i. What are the prime factors of x?
67
Suppose -c - 2*x - 983 = -3269, c + 5*x = 2295. Suppose 5*q = 4*w + c, -w + 581 = 3*q - 770. What are the prime factors of q?
2, 113
Suppose 2*i = 44*o - 39*o + 43348, 86652 = 4*i + o. List the prime factors of i.
2, 677
Let y(z) be the first derivative of 0*z**3 - 25/4*z**4 + z**2 + 6*z + 36. What are the prime factors of y(-2)?
2, 101
Suppose -p = 4*p + 545. Let q(b) = -21*b**3 - 2*b**2 - b - 1. Let c be q(-2). Let l = p + c. List the prime factors of l.
2, 13
Let s(b) = -b**3 + 13*b + 13. Let u = 52 - 58. Let y be s(u). What are the prime factors of y/2 + 21/14?
7, 11
Suppose 2 = -2*b + 12. Suppose 4*c - b*s = 491, -c + 2*s + 1 = -124. List the prime factors of c.
7, 17
Suppose -3*r = -7*r - 52. Let q = 44 + r. What are the prime factors of q?
31
Let l(o) = -o**3 + 4*o**2 - 2*o - 1. Let n be l(2). Suppose -3*q = -n*x + 60, 2*q + 3 = -1. Suppose -80 = 16*c - x*c. What are the prime factors of c?
2, 5
Let v(n) = -660*n - 15606. What are the prime factors of v(-81)?
2, 3, 701
Suppose 0 = 53*k - 37*k - 35168. What are the prime factors of k?
2, 7, 157
Let o = -133 - -1028. Suppose -4*i = -6*i - l + o, 4*i = -3*l + 1795. What are the prime factors of i?
5, 89
Let q(y) = 133*y - 21. Let f be q(2). Let n = -176 + f. List the prime factors of n.
3, 23
Let y = -45 - -48. What are the prime factors of 6/(-9) + 830/y?
2, 3, 23
Let c(x) be the third derivative of x**6/40 - 11*x**5/60 + 7*x**4/12 + 5*x**3/6 + 78*x**2. List the prime factors of c(6).
11, 31
Suppose 678 = 12*m - 6*m. Suppose 3*d - 4*h + m = 338, d + h = 82. List the prime factors of d.
79
Let v = 9918 + -26077. What are the prime factors of ((v/(-3))/11)/(1/3)?
13, 113
Suppose 4*s - 268 = -4*w, 5*s + w = -2*w + 327. Let p be 2/(-9) - 3766/s. Let d = p + 181. What are the prime factors of d?
11
Let b(q) = 9*q**3 - 12*q**2 + 42*q - 625. List the prime factors of b(14).
22307
Let s(d) = -82*d - 3. Let q be s(-17). Suppose -5*l - 4*h + q = 0, -1231 + 111 = -4*l - 5*h. What are the prime factors of l?
5, 11
Let t be (-3)/3*(-4 